[INFO] cloning repository https://github.com/FungusHumungus/gothamboogy
[INFO] running `Command { std: "git" "-c" "credential.helper=" "-c" "credential.helper=/workspace/cargo-home/bin/git-credential-null" "clone" "--bare" "https://github.com/FungusHumungus/gothamboogy" "/workspace/cache/git-repos/https%3A%2F%2Fgithub.com%2FFungusHumungus%2Fgothamboogy", kill_on_drop: false }`
[INFO] [stderr] Cloning into bare repository '/workspace/cache/git-repos/https%3A%2F%2Fgithub.com%2FFungusHumungus%2Fgothamboogy'...
[INFO] running `Command { std: "git" "rev-parse" "HEAD", kill_on_drop: false }`
[INFO] [stdout] e06786795a93676ef127b1d6a541bbaa3f5086d2
[INFO] checking FungusHumungus/gothamboogy against try#72f88fc4e9458f89516a0b8b0868f3718aec5b47 for pr-74989
[INFO] running `Command { std: "git" "clone" "/workspace/cache/git-repos/https%3A%2F%2Fgithub.com%2FFungusHumungus%2Fgothamboogy" "/workspace/builds/worker-8/source", kill_on_drop: false }`
[INFO] [stderr] Cloning into '/workspace/builds/worker-8/source'...
[INFO] [stderr] done.
[INFO] validating manifest of git repo https://github.com/FungusHumungus/gothamboogy on toolchain 72f88fc4e9458f89516a0b8b0868f3718aec5b47
[INFO] running `Command { std: "/workspace/cargo-home/bin/cargo" "+72f88fc4e9458f89516a0b8b0868f3718aec5b47" "read-manifest" "--manifest-path" "Cargo.toml", kill_on_drop: false }`
[INFO] started tweaking git repo https://github.com/FungusHumungus/gothamboogy
[INFO] removed path dependency gotham from git repo https://github.com/FungusHumungus/gothamboogy
[INFO] finished tweaking git repo https://github.com/FungusHumungus/gothamboogy
[INFO] tweaked toml for git repo https://github.com/FungusHumungus/gothamboogy written to /workspace/builds/worker-8/source/Cargo.toml
[INFO] crate git repo https://github.com/FungusHumungus/gothamboogy already has a lockfile, it will not be regenerated
[INFO] running `Command { std: "/workspace/cargo-home/bin/cargo" "+72f88fc4e9458f89516a0b8b0868f3718aec5b47" "fetch" "--locked" "--manifest-path" "Cargo.toml", kill_on_drop: false }`
[INFO] [stderr] warning: dependency (gotham) specified without providing a local path, Git repository, or version to use. This will be considered an error in future versions
[INFO] [stderr]     Updating crates.io index
[INFO] [stderr] error: the lock file /workspace/builds/worker-8/source/Cargo.lock needs to be updated but --locked was passed to prevent this
[INFO] [stderr] If you want to try to generate the lock file without accessing the network, use the --offline flag.
[INFO] the lockfile is outdated, regenerating it
[INFO] running `Command { std: "/workspace/cargo-home/bin/cargo" "+72f88fc4e9458f89516a0b8b0868f3718aec5b47" "generate-lockfile" "--manifest-path" "Cargo.toml" "-Zno-index-update", kill_on_drop: false }`
[INFO] running `Command { std: "/workspace/cargo-home/bin/cargo" "+72f88fc4e9458f89516a0b8b0868f3718aec5b47" "fetch" "--locked" "--manifest-path" "Cargo.toml", kill_on_drop: false }`
[INFO] [stderr] warning: dependency (gotham) specified without providing a local path, Git repository, or version to use. This will be considered an error in future versions
[INFO] [stderr]  Downloading crates ...
[INFO] [stderr]   Downloaded owning_ref v0.4.1
[INFO] [stderr]   Downloaded bincode v1.3.1
[INFO] [stderr]   Downloaded tokio-uds v0.2.7
[INFO] [stderr]   Downloaded tokio-threadpool v0.1.18
[INFO] [stderr]   Downloaded tokio-timer-patched v0.1.3
[INFO] [stderr]   Downloaded tokio-fs v0.1.7
[INFO] [stderr]   Downloaded pretty_env_logger v0.2.5
[INFO] [stderr]   Downloaded cookie-factory v0.2.4
[INFO] [stderr]   Downloaded skeptic v0.13.4
[INFO] [stderr]   Downloaded redis-async v0.6.3
[INFO] [stderr]   Downloaded gotham_derive v0.4.0
[INFO] [stderr]   Downloaded borrow-bag v1.0.0
[INFO] [stderr]   Downloaded cargo_metadata v0.6.4
[INFO] [stderr]   Downloaded error-chain v0.12.4
[INFO] [stderr]   Downloaded bytecount v0.4.0
[INFO] [stderr]   Downloaded httpdate v0.3.2
[INFO] [stderr]   Downloaded tokio-rustls v0.14.1
[INFO] [stderr]   Downloaded redis-protocol v0.1.2
[INFO] [stderr]   Downloaded fred v1.3.0
[INFO] [stderr]   Downloaded gotham v0.5.0
[INFO] running `Command { std: "docker" "create" "-v" "/var/lib/crater-agent-workspace/builds/worker-8/target:/opt/rustwide/target:rw,Z" "-v" "/var/lib/crater-agent-workspace/builds/worker-8/source:/opt/rustwide/workdir:ro,Z" "-v" "/var/lib/crater-agent-workspace/cargo-home:/opt/rustwide/cargo-home:ro,Z" "-v" "/var/lib/crater-agent-workspace/rustup-home:/opt/rustwide/rustup-home:ro,Z" "-e" "SOURCE_DIR=/opt/rustwide/workdir" "-e" "CARGO_TARGET_DIR=/opt/rustwide/target" "-e" "CARGO_HOME=/opt/rustwide/cargo-home" "-e" "RUSTUP_HOME=/opt/rustwide/rustup-home" "-w" "/opt/rustwide/workdir" "-m" "1610612736" "--user" "0:0" "--network" "none" "rustops/crates-build-env@sha256:d92eaeed33fa75130ca1ee6c8a01d1ffb62bac859dfdfb3450e3e5d1c0146529" "/opt/rustwide/cargo-home/bin/cargo" "+72f88fc4e9458f89516a0b8b0868f3718aec5b47" "metadata" "--no-deps" "--format-version=1", kill_on_drop: false }`
[INFO] [stdout] 5c43715bea38e10023f69fa8771ebee54903fb4ef9ea9de0e4216e6a9b5d8d0b
[INFO] [stderr] WARNING: Your kernel does not support swap limit capabilities or the cgroup is not mounted. Memory limited without swap.
[INFO] running `Command { std: "docker" "start" "-a" "5c43715bea38e10023f69fa8771ebee54903fb4ef9ea9de0e4216e6a9b5d8d0b", kill_on_drop: false }`
[INFO] running `Command { std: "docker" "inspect" "5c43715bea38e10023f69fa8771ebee54903fb4ef9ea9de0e4216e6a9b5d8d0b", kill_on_drop: false }`
[INFO] running `Command { std: "docker" "rm" "-f" "5c43715bea38e10023f69fa8771ebee54903fb4ef9ea9de0e4216e6a9b5d8d0b", kill_on_drop: false }`
[INFO] [stdout] 5c43715bea38e10023f69fa8771ebee54903fb4ef9ea9de0e4216e6a9b5d8d0b
[INFO] running `Command { std: "docker" "create" "-v" "/var/lib/crater-agent-workspace/builds/worker-8/target:/opt/rustwide/target:rw,Z" "-v" "/var/lib/crater-agent-workspace/builds/worker-8/source:/opt/rustwide/workdir:ro,Z" "-v" "/var/lib/crater-agent-workspace/cargo-home:/opt/rustwide/cargo-home:ro,Z" "-v" "/var/lib/crater-agent-workspace/rustup-home:/opt/rustwide/rustup-home:ro,Z" "-e" "SOURCE_DIR=/opt/rustwide/workdir" "-e" "CARGO_TARGET_DIR=/opt/rustwide/target" "-e" "CARGO_INCREMENTAL=0" "-e" "RUST_BACKTRACE=full" "-e" "RUSTFLAGS=--cap-lints=forbid" "-e" "CARGO_HOME=/opt/rustwide/cargo-home" "-e" "RUSTUP_HOME=/opt/rustwide/rustup-home" "-w" "/opt/rustwide/workdir" "-m" "1610612736" "--user" "0:0" "--network" "none" "rustops/crates-build-env@sha256:d92eaeed33fa75130ca1ee6c8a01d1ffb62bac859dfdfb3450e3e5d1c0146529" "/opt/rustwide/cargo-home/bin/cargo" "+72f88fc4e9458f89516a0b8b0868f3718aec5b47" "check" "--frozen" "--all" "--all-targets" "--message-format=json", kill_on_drop: false }`
[INFO] [stdout] aea04be84448db5a96d08fe8e97d67a953110db2b3eff52b500b27597f09222a
[INFO] [stderr] WARNING: Your kernel does not support swap limit capabilities or the cgroup is not mounted. Memory limited without swap.
[INFO] running `Command { std: "docker" "start" "-a" "aea04be84448db5a96d08fe8e97d67a953110db2b3eff52b500b27597f09222a", kill_on_drop: false }`
[INFO] [stderr] warning: dependency (gotham) specified without providing a local path, Git repository, or version to use. This will be considered an error in future versions
[INFO] [stderr]     Blocking waiting for file lock on package cache
[INFO] [stderr]     Blocking waiting for file lock on package cache
[INFO] [stderr]    Compiling libc v0.2.77
[INFO] [stderr]    Compiling log v0.4.11
[INFO] [stderr]    Compiling serde v1.0.116
[INFO] [stderr]     Checking lazy_static v1.4.0
[INFO] [stderr]    Compiling version_check v0.9.2
[INFO] [stderr]    Compiling proc-macro2 v1.0.21
[INFO] [stderr]    Compiling semver-parser v0.7.0
[INFO] [stderr]     Checking slab v0.4.2
[INFO] [stderr]     Checking fnv v1.0.7
[INFO] [stderr]     Checking futures v0.1.29
[INFO] [stderr]     Checking once_cell v1.4.1
[INFO] [stderr]     Checking rand_core v0.4.2
[INFO] [stderr]    Compiling autocfg v0.1.7
[INFO] [stderr]     Checking futures-core v0.3.5
[INFO] [stderr]     Checking futures-sink v0.3.5
[INFO] [stderr]    Compiling serde_json v1.0.57
[INFO] [stderr]     Checking bytes v0.5.6
[INFO] [stderr]     Checking arc-swap v0.4.7
[INFO] [stderr]     Checking regex-syntax v0.6.18
[INFO] [stderr]    Compiling serde_derive v1.0.116
[INFO] [stderr]    Compiling itoa v0.4.6
[INFO] [stderr]     Checking pin-project-lite v0.1.7
[INFO] [stderr]     Checking quick-error v1.2.3
[INFO] [stderr]    Compiling getrandom v0.1.15
[INFO] [stderr]    Compiling remove_dir_all v0.5.3
[INFO] [stderr]     Checking termcolor v1.1.0
[INFO] [stderr]    Compiling version_check v0.1.5
[INFO] [stderr]     Checking matches v0.1.8
[INFO] [stderr]     Checking tinyvec v0.3.4
[INFO] [stderr]     Checking hashbrown v0.9.0
[INFO] [stderr]    Compiling httparse v1.3.4
[INFO] [stderr]     Checking stable_deref_trait v1.2.0
[INFO] [stderr]    Compiling unicode-xid v0.1.0
[INFO] [stderr]     Checking ansi_term v0.11.0
[INFO] [stderr]     Checking scopeguard v0.3.3
[INFO] [stderr]     Checking slab v0.3.0
[INFO] [stderr]    Compiling syn v0.15.44
[INFO] [stderr]     Checking try-lock v0.2.3
[INFO] [stderr]     Checking tower-service v0.3.0
[INFO] [stderr]     Checking mime v0.3.16
[INFO] [stderr]     Checking constant_time_eq v0.1.5
[INFO] [stderr]     Checking linked-hash-map v0.5.3
[INFO] [stderr]     Checking dtoa v0.4.6
[INFO] [stderr]     Checking httpdate v0.3.2
[INFO] [stderr]     Checking hex v0.3.2
[INFO] [stderr]    Compiling miniz_oxide v0.4.2
[INFO] [stderr]    Compiling num-traits v0.2.12
[INFO] [stderr]    Compiling num-integer v0.1.43
[INFO] [stderr]    Compiling indexmap v1.6.0
[INFO] [stderr]     Checking thread_local v1.0.1
[INFO] [stderr]     Checking tracing-core v0.1.16
[INFO] [stderr]    Compiling ring v0.16.15
[INFO] [stderr]     Checking futures-channel v0.3.5
[INFO] [stderr]     Checking futures-task v0.3.5
[INFO] [stderr]     Checking rand_core v0.3.1
[INFO] [stderr]     Checking rand_jitter v0.1.4
[INFO] [stderr]     Checking humantime v1.3.0
[INFO] [stderr]    Compiling crc16 v0.3.4
[INFO] [stderr]     Checking unicode-bidi v0.3.4
[INFO] [stderr]     Checking owning_ref v0.4.1
[INFO] [stderr]     Checking http v0.2.1
[INFO] [stderr]    Compiling standback v0.2.10
[INFO] [stderr]    Compiling error-chain v0.12.4
[INFO] [stderr]    Compiling unicase v2.6.0
[INFO] [stderr]    Compiling time v0.2.19
[INFO] [stderr]    Compiling cookie v0.14.2
[INFO] [stderr]     Checking itertools v0.9.0
[INFO] [stderr]    Compiling rand_chacha v0.1.1
[INFO] [stderr]    Compiling rand_pcg v0.1.2
[INFO] [stderr]    Compiling rand v0.6.5
[INFO] [stderr]     Checking unicode-normalization v0.1.13
[INFO] [stderr]    Compiling ryu v1.0.5
[INFO] [stderr]    Compiling nom v4.2.3
[INFO] [stderr]    Compiling bitflags v1.2.1
[INFO] [stderr]     Checking rand_isaac v0.1.1
[INFO] [stderr]     Checking rand_hc v0.1.0
[INFO] [stderr]     Checking rand_xorshift v0.1.1
[INFO] [stderr]    Compiling proc-macro2 v0.4.30
[INFO] [stderr]     Checking lock_api v0.1.5
[INFO] [stderr]     Checking aho-corasick v0.7.13
[INFO] [stderr]     Checking smallvec v0.6.13
[INFO] [stderr]     Checking crossbeam-utils v0.7.2
[INFO] [stderr]    Compiling pulldown-cmark v0.2.0
[INFO] [stderr]     Checking tokio-sync v0.1.8
[INFO] [stderr]     Checking tokio-service v0.1.0
[INFO] [stderr]     Checking tokio-timer-patched v0.1.3
[INFO] [stderr]     Checking blake2-rfc v0.2.18
[INFO] [stderr]     Checking tracing v0.1.19
[INFO] [stderr]     Checking log v0.3.9
[INFO] [stderr]     Checking want v0.3.0
[INFO] [stderr]    Compiling quote v0.6.13
[INFO] [stderr]     Checking tokio-executor v0.1.10
[INFO] [stderr]     Checking crossbeam-epoch v0.8.2
[INFO] [stderr]     Checking crossbeam-queue v0.2.3
[INFO] [stderr]     Checking idna v0.1.5
[INFO] [stderr]    Compiling quote v1.0.7
[INFO] [stderr]     Checking iovec v0.1.4
[INFO] [stderr]     Checking num_cpus v1.13.0
[INFO] [stderr]     Checking net2 v0.2.35
[INFO] [stderr]     Checking signal-hook-registry v1.2.1
[INFO] [stderr]     Checking time v0.1.44
[INFO] [stderr]     Checking atty v0.2.14
[INFO] [stderr]     Checking rand_os v0.1.3
[INFO] [stderr]     Checking rand v0.4.6
[INFO] [stderr]     Checking socket2 v0.3.15
[INFO] [stderr]     Checking mio v0.7.0
[INFO] [stderr]     Checking argon2rs v0.2.5
[INFO] [stderr]     Checking tokio-current-thread v0.1.7
[INFO] [stderr]     Checking tokio-timer v0.2.13
[INFO] [stderr]    Compiling mime_guess v2.0.3
[INFO] [stderr]    Compiling backtrace v0.3.50
[INFO] [stderr]     Checking regex v1.3.9
[INFO] [stderr]     Checking bytes v0.4.12
[INFO] [stderr]     Checking crossbeam-deque v0.7.3
[INFO] [stderr]     Checking http-body v0.3.1
[INFO] [stderr]    Compiling syn v1.0.40
[INFO] [stderr]     Checking rand_core v0.5.1
[INFO] [stderr]     Checking mio v0.6.22
[INFO] [stderr]     Checking float-cmp v0.4.0
[INFO] [stderr]     Checking url v1.7.2
[INFO] [stderr]     Checking tokio-threadpool v0.1.18
[INFO] [stderr]     Checking rand_chacha v0.2.2
[INFO] [stderr]     Checking rand v0.3.23
[INFO] [stderr]    Compiling tempdir v0.3.7
[INFO] [stderr]     Checking tokio-io v0.1.13
[INFO] [stderr]     Checking chrono v0.4.15
[INFO] [stderr]     Checking rand v0.7.3
[INFO] [stderr]     Checking env_logger v0.5.13
[INFO] [stderr]     Checking env_logger v0.6.2
[INFO] [stderr]     Checking mio-uds v0.6.8
[INFO] [stderr]     Checking tokio-codec v0.1.2
[INFO] [stderr]     Checking tokio-fs v0.1.7
[INFO] [stderr]     Checking sct v0.6.0
[INFO] [stderr]     Checking webpki v0.21.3
[INFO] [stderr]     Checking rustls v0.18.1
[INFO] [stderr]     Checking pretty_env_logger v0.2.5
[INFO] [stderr]     Checking pretty_env_logger v0.3.1
[INFO] [stderr]     Checking uuid v0.8.1
[INFO] [stderr]     Checking redis-protocol v0.1.2
[INFO] [stderr]    Compiling gotham_derive v0.4.0
[INFO] [stderr]     Checking bincode v1.3.1
[INFO] [stderr]     Checking serde_urlencoded v0.5.5
[INFO] [stderr]     Checking mustache v0.9.0
[INFO] [stderr]    Compiling semver v0.9.0
[INFO] [stderr]    Compiling rustc_version v0.2.3
[INFO] [stderr]    Compiling parking_lot_core v0.6.2
[INFO] [stderr]    Compiling parking_lot v0.9.0
[INFO] [stderr]    Compiling parking_lot_core v0.4.0
[INFO] [stderr]     Checking parking_lot v0.7.1
[INFO] [stderr]     Checking tokio-reactor v0.1.12
[INFO] [stderr]     Checking tokio-udp v0.1.6
[INFO] [stderr]     Checking tokio-tcp v0.1.4
[INFO] [stderr]     Checking tokio-uds v0.2.7
[INFO] [stderr]     Checking tokio v0.1.22
[INFO] [stderr]     Checking tokio-core v0.1.17
[INFO] [stderr]     Checking tokio-proto v0.1.1
[INFO] [stderr]    Compiling pin-project-internal v0.4.23
[INFO] [stderr]    Compiling tokio-macros v0.2.5
[INFO] [stderr]    Compiling futures-macro v0.3.5
[INFO] [stderr]    Compiling time-macros-impl v0.1.1
[INFO] [stderr]     Checking fred v1.3.0
[INFO] [stderr]     Checking time-macros v0.1.0
[INFO] [stderr]     Checking tokio v0.2.22
[INFO] [stderr]     Checking pin-project v0.4.23
[INFO] [stderr]     Checking futures-util v0.3.5
[INFO] [stderr]     Checking tokio-util v0.3.1
[INFO] [stderr]     Checking tokio-rustls v0.14.1
[INFO] [stderr]    Compiling cargo_metadata v0.6.4
[INFO] [stderr]    Compiling skeptic v0.13.4
[INFO] [stderr]     Checking futures-executor v0.3.5
[INFO] [stderr]     Checking h2 v0.2.6
[INFO] [stderr]     Checking redis-async v0.6.3
[INFO] [stderr]     Checking futures v0.3.5
[INFO] [stderr]    Compiling borrow-bag v1.0.0
[INFO] [stderr]     Checking hyper v0.13.7
[INFO] [stderr]     Checking gotham v0.5.0
[INFO] [stderr]     Checking gothamboogy v0.1.0 (/opt/rustwide/workdir)
[INFO] [stdout] error[E0050]: method `persist_session` has 4 parameters but the declaration in trait `persist_session` has 3
[INFO] [stdout]   --> src/redis.rs:69:9
[INFO] [stdout]    |
[INFO] [stdout] 69 | /         &self,
[INFO] [stdout] 70 | |         state: &State,
[INFO] [stdout] 71 | |         identifier: SessionIdentifier,
[INFO] [stdout] 72 | |         content: &[u8],
[INFO] [stdout]    | |______________________^ expected 3 parameters, found 4
[INFO] [stdout]    |
[INFO] [stdout]    = note: `persist_session` from trait: `fn(&Self, SessionIdentifier, &[u8]) -> std::result::Result<(), SessionError>`
[INFO] [stdout] 
[INFO] [stdout] 
[INFO] [stdout] error[E0050]: method `read_session` has 3 parameters but the declaration in trait `read_session` has 2
[INFO] [stdout]   --> src/redis.rs:82:9
[INFO] [stdout]    |
[INFO] [stdout] 82 | /         &self,
[INFO] [stdout] 83 | |         state: &State,
[INFO] [stdout] 84 | |         identifier: SessionIdentifier,
[INFO] [stdout]    | |_____________________________________^ expected 2 parameters, found 3
[INFO] [stdout]    |
[INFO] [stdout]    = note: `read_session` from trait: `fn(&Self, SessionIdentifier) -> Pin<Box<(dyn futures::Future<Output = std::result::Result<std::option::Option<std::vec::Vec<u8>>, SessionError>> + std::marker::Send + 'static)>>`
[INFO] [stdout] 
[INFO] [stdout] 
[INFO] [stdout] error[E0050]: method `persist_session` has 4 parameters but the declaration in trait `persist_session` has 3
[INFO] [stdout]   --> src/redis.rs:69:9
[INFO] [stdout]    |
[INFO] [stdout] 69 | /         &self,
[INFO] [stdout] 70 | |         state: &State,
[INFO] [stdout] 71 | |         identifier: SessionIdentifier,
[INFO] [stdout] 72 | |         content: &[u8],
[INFO] [stdout]    | |______________________^ expected 3 parameters, found 4
[INFO] [stdout]    |
[INFO] [stdout]    = note: `persist_session` from trait: `fn(&Self, SessionIdentifier, &[u8]) -> std::result::Result<(), SessionError>`
[INFO] [stdout] 
[INFO] [stdout] 
[INFO] [stdout] error[E0050]: method `read_session` has 3 parameters but the declaration in trait `read_session` has 2
[INFO] [stdout]   --> src/redis.rs:82:9
[INFO] [stdout]    |
[INFO] [stdout] 82 | /         &self,
[INFO] [stdout] 83 | |         state: &State,
[INFO] [stdout] 84 | |         identifier: SessionIdentifier,
[INFO] [stdout]    | |_____________________________________^ expected 2 parameters, found 3
[INFO] [stdout]    |
[INFO] [stdout]    = note: `read_session` from trait: `fn(&Self, SessionIdentifier) -> Pin<Box<(dyn futures::Future<Output = std::result::Result<std::option::Option<std::vec::Vec<u8>>, SessionError>> + std::marker::Send + 'static)>>`
[INFO] [stdout] 
[INFO] [stdout] 
[INFO] [stdout] error: aborting due to 2 previous errors
[INFO] [stdout] 
[INFO] [stdout] 
[INFO] [stdout] For more information about this error, try `rustc --explain E0050`.
[INFO] [stdout] 
[INFO] [stdout] error: aborting due to 2 previous errors
[INFO] [stdout] 
[INFO] [stdout] 
[INFO] [stdout] For more information about this error, try `rustc --explain E0050`.
[INFO] [stdout] 
[INFO] [stderr] error: could not compile `gothamboogy`.
[INFO] [stderr] 
[INFO] [stderr] To learn more, run the command again with --verbose.
[INFO] [stderr] warning: build failed, waiting for other jobs to finish...
[INFO] [stderr] error: build failed
[INFO] running `Command { std: "docker" "inspect" "aea04be84448db5a96d08fe8e97d67a953110db2b3eff52b500b27597f09222a", kill_on_drop: false }`
[INFO] running `Command { std: "docker" "rm" "-f" "aea04be84448db5a96d08fe8e97d67a953110db2b3eff52b500b27597f09222a", kill_on_drop: false }`
[INFO] [stdout] aea04be84448db5a96d08fe8e97d67a953110db2b3eff52b500b27597f09222a
